se
Is 7 a factor of 668094?
True
Does 170 divide 958970?
True
Is 21964 a multiple of 34?
True
Is 281 a factor of 1527562?
False
Does 36 divide 174548?
False
Is 3455336 a multiple of 92?
True
Is 553915 a multiple of 60?
False
Is 11 a factor of 229614?
True
Does 5 divide 577765?
True
Does 714 divide 1435375?
False
Is 1055758 a multiple of 350?
False
Is 11 a factor of 273369?
False
Does 31 divide 488653?
True
Does 10 divide 7430275?
False
Is 32 a factor of 38826?
False
Does 261 divide 479168?
False
Is 48 a factor of 346704?
True
Is 16 a factor of 4858912?
True
Does 126 divide 343746?
False
Is 73 a factor of 46470?
False
Is 82 a factor of 1545309?
False
Is 3 a factor of 740850?
True
Does 737 divide 6581410?
True
Does 73 divide 2629752?
True
Is 1781276 a multiple of 83?
False
Is 101 a factor of 877286?
True
Is 502863 a multiple of 5?
False
Is 1239771 a multiple of 83?
True
Is 23514 a multiple of 7?
False
Does 10 divide 807843?
False
Does 106 divide 821550?
False
Is 408 a factor of 999192?
True
Does 33 divide 1072497?
False
Does 506 divide 3553516?
False
Is 86 a factor of 6195010?
True
Is 8804581 a multiple of 19?
True
Is 17 a factor of 2160547?
True
Is 513 a factor of 769442?
False
Does 10 divide 1148504?
False
Is 5 a factor of 3809906?
False
Does 16 divide 2132159?
False
Is 189 a factor of 118784?
False
Does 126 divide 10219773?
False
Is 12 a factor of 94457?
False
Does 8 divide 514663?
False
Is 667941 a multiple of 341?
False
Is 25 a factor of 6185300?
True
Does 3 divide 71165?
False
Is 1596 a multiple of 133?
True
Is 16 a factor of 946352?
True
Is 7582 a multiple of 446?
True
Is 108574 a multiple of 20?
False
Does 25 divide 260400?
True
Is 375088 a multiple of 119?
True
Is 112 a factor of 94976?
True
Is 132016 a multiple of 148?
True
Is 19 a factor of 119037?
False
Does 73 divide 1215596?
True
Does 19 divide 8011847?
False
Is 292854 a multiple of 15?
False
Is 6 a factor of 5625378?
True
Does 56 divide 67200?
True
Does 336 divide 304752?
True
Does 12 divide 694348?
False
Is 36 a factor of 986957?
False
Does 26 divide 31573?
False
Is 2007369 a multiple of 273?
True
Is 3344400 a multiple of 360?
True
Is 6329208 a multiple of 282?
True
Is 55350 a multiple of 10?
True
Is 31 a factor of 267096?
True
Is 6 a factor of 214036?
False
Is 450 a factor of 704187?
False
Is 2 a factor of 118737?
False
Does 694 divide 2830826?
True
Is 2545245 a multiple of 11?
False
Is 116225 a multiple of 25?
True
Does 4 divide 867719?
False
Is 385202 a multiple of 21?
False
Does 96 divide 112629?
False
Does 339 divide 292811?
False
Does 22 divide 2127765?
False
Is 161 a factor of 3932106?
False
Is 718252 a multiple of 10?
False
Is 1968413 a multiple of 89?
True
Is 648 a multiple of 18?
True
Is 34 a factor of 529754?
True
Is 5524662 a multiple of 47?
True
Is 2298186 a multiple of 27?
True
Is 317584 a multiple of 46?
True
Is 1066920 a multiple of 1017?
False
Does 11 divide 839652?
True
Is 185857 a multiple of 14?
False
Is 39960 a multiple of 270?
True
Does 11 divide 3228841?
True
Does 395 divide 296250?
True
Is 10 a factor of 1776735?
False
Is 88 a factor of 260128?
True
Is 110 a factor of 2344014?
False
Does 25 divide 262476?
False
Is 32850 a multiple of 73?
True
Does 10 divide 8307653?
False
Is 146 a factor of 89205?
False
Does 932 divide 5333836?
True
Is 4536 a multiple of 8?
True
Does 201 divide 22914?
True
Is 295 a factor of 843415?
False
Is 296094 a multiple of 163?
False
Is 33 a factor of 59772?
False
Is 211633 a multiple of 49?
False
Is 62639 a multiple of 176?
False
Does 75 divide 26475?
True
Is 196317 a multiple of 13?
False
Is 14 a factor of 192290?
True
Is 710999 a multiple of 23?
True
Does 40 divide 32838667?
False
Does 155 divide 65699?
False
Is 10991372 a multiple of 11?
False
Is 12 a factor of 149916?
True
Is 12 a factor of 234756?
True
Is 38 a factor of 21121?
False
Does 27 divide 139131?
True
Is 10 a factor of 98628?
False
Does 21 divide 804389?
False
Is 14 a factor of 592353?
False
Is 492 a multiple of 11?
False
Is 240720 a multiple of 255?
True
Does 61 divide 1260748?
True
Is 742797 a multiple of 369?
True
Is 121 a factor of 831981?
False
Is 738811 a multiple of 13?
False
Is 7 a factor of 927409?
True
Does 18 divide 52283?
False
Does 123 divide 209006?
False
Is 20 a factor of 142695?
False
Does 385 divide 11380283?
False
Is 953288 a multiple of 58?
True
Is 27 a factor of 2529198?
True
Does 515 divide 10287640?
True
Does 15 divide 2365860?
True
Is 7026240 a multiple of 16?
True
Is 483162 a multiple of 231?
False
Is 24 a factor of 135246?
False
Does 339 divide 2662845?
True
Does 690 divide 749147?
False
Is 241147 a multiple of 21?
False
Is 14235 a multiple of 219?
True
Does 254 divide 44704?
True
Is 210 a factor of 297780?
True
Is 16 a factor of 3277994?
False
Does 44 divide 426624?
True
Is 37 a factor of 13871586?
False
Is 2141335 a multiple of 112?
False
Is 5465209 a multiple of 935?
False
Does 112 divide 19739?
False
Is 48044 a multiple of 4?
True
Does 791 divide 1559646?
False
Is 121068 a multiple of 354?
True
Is 5 a factor of 42970?
True
Does 148 divide 4241384?
True
Does 109 divide 2324430?
False
Does 18 divide 13497566?
False
Is 10764575 a multiple of 2087?
False
Is 121 a factor of 124973?
False
Is 216075 a multiple of 201?
True
Is 5628874 a multiple of 163?
False
Is 34 a factor of 1415093?
False
Does 172 divide 1760356?
False
Is 175029 a multiple of 10?
False
Is 39357 a multiple of 5?
False
Is 143192 a multiple of 56?
True
Is 141 a factor of 10490400?
True
Is 58 a factor of 34110172?
False
Is 378005 a multiple of 115?
True
Is 94 a factor of 1389103?
False
Does 49 divide 556052?
True
Does 12 divide 22387?
False
Is 102 a factor of 4921194?
True
Is 151847 a multiple of 132?
False
Is 70 a factor of 539700?
True
Is 301 a factor of 50568?
True
Is 153922 a multiple of 2?
True
Does 545 divide 2599022?
False
Is 7447945 a multiple of 54?
False
Does 74 divide 3075884?
True
Is 142 a factor of 19719114?
True
Is 10 a factor of 10270?
True
Is 3771801 a multiple of 11?
True
Does 286 divide 314314?
True
Does 18 divide 58750?
False
Does 12 divide 16961892?
True
Does 8 divide 11977?
False
Does 7 divide 449354?
False
Is 144 a factor of 9936?
True
Is 221 a factor of 484211?
True
Is 92 a factor of 1853892?
True
Does 28 divide 40610?
False
Is 3234 a multiple of 147?
True
Does 508 divide 900684?
True
Is 6 a factor of 4422810?
True
Is 34 a factor of 224794?
False
Is 123 a factor of 36151?
False
Is 98208 a multiple of 352?
True
Is 582218 a multiple of 5?
False
Does 232 divide 13583136?
True
Does 107 divide 4922?
True
Does 44 divide 2047980?
True
Is 23400 a multiple of 18?
True
Does 224 divide 92288?
True
Is 6992 a multiple of 23?
True
Is 871002 a multiple of 33?
True
Is 1879236 a multiple of 757?
False
Does 28 divide 2524452?
True
Is 748083 a multiple of 21?
True
Does 247 divide 15012660?
True
Is 111991 a multiple of 5?
False
Is 525 a factor of 896700?
True
Does 4 divide 2109575?
False
Does 1598 divide 252484?
True
Does 125 divide 440672?
False
Does 3 divide 8045?
False
Does 20 divide 274892?
False
Is 35343 a multiple of 322?
False
Is 5915 a multiple of 169?
True
Does 543 divide 2055798?
True
Is 315075 a multiple of 29?
False
Does 12 divide 247392?
True
Is 4271917 a multiple of 196?
False
Is 2436 a multiple of 203?
True
Is 51 a factor of 222426?
False
Does 14 divide 100210?
False
Is 12 a factor of 711593?
False
Does 39 divide 3003?
True
Does 5 divide 3056245?
True
Is 47 a factor of 184867?
False
Does 13 divide 582985?
True
Is 70474 a multiple of 211?
True
Is 89 a factor of 208059?
False
Is 76602 even?
True
Does 21 divide 119758?
False
Does 5 divide 630127?
False
Is 86215 a multiple of 5?
True
Is 231 a factor of 332319?
False
Is 1176603 a multiple of 779?
False
Is 13 a factor of 195936?
True
Does 107 divide 51788?
True
Is 3815099 a multiple of 688?
False
Is 75234 a multiple of 48?
False
Does 367 divide 664270?
True
Is 18 a factor of 2129848?
False
Is 20730 a multiple of 30?
True
Is 291 a factor of 115538?
False
Is 58749 a multiple of 21?
False
Is 5 a factor of 47620?
True
Does 62 divide 15128?
True
Does 91 divide 7213159?
False
Is 441450 a multiple of 45?
True
Is 24 a factor of 247024?
False
Is 8 a factor of 153288?
True
Is 3 a factor of 48907?
False
Is 9671508 a multiple o